 - 5. Let g be a(h). List the prime factors of -4 - (0 - (-3 + g)).
2, 3, 13
List the prime factors of 4100/(-10)*(-39)/26.
3, 5, 41
Suppose -4*x = 2*b - 2810, -5*b = -5*x - 3436 - 3619. What are the prime factors of b?
1409
Let v(r) = -r**3 + 22*r**2 + 7*r + 11. Let s be v(22). Suppose 0 = -q + 6*q + s. Let d = q - -105. What are the prime factors of d?
2, 3
Let s(l) = 3*l - 83. Let z be s(25). Let j(c) = c**2 - 3*c + 3. Let t be j(z). Suppose 448 = 7*k - t. List the prime factors of k.
7, 11
Let d = -26 + 58. Suppose -1100 = -37*p + d*p. List the prime factors of p.
2, 5, 11
Let b = -83 + 80. Let g be 1 + ((-104)/(-39) - (-2)/b). What are the prime factors of (g - 1 - 2) + 135?
3, 5
Let x be 4/10 + (-16)/(-10). Let t be (x + -2)/(16/8). Suppose c = -1 - t, 215 = 4*p + c. List the prime factors of p.
2, 3
Let z(y) = -y**2 - 22*y - 81. Let c be z(-5). Let k(n) = n**3 - 5*n**2 - 5*n - 8. Let t be k(7). Suppose 5*h = c*h + t. List the prime factors of h.
5, 11
Let a = -92444 - -161494. What are the prime factors of a?
2, 5, 1381
Suppose 3*p + 4*h - 4 = 0, 3*p + 0*h - 5*h = -5. Let q = 298 + 501. Suppose -2*v + 322 = -2*x, q = 5*v - p*x - 3*x. List the prime factors of v.
2, 79
Let u(m) = -12*m - 68. Let x be u(-6). Suppose -p - 5*i = -47, -7*p + 61 = -x*p - 5*i. List the prime factors of p.
3
Suppose 3*t + 37120 = 2*v, -13123 - 5432 = -v - t. What are the prime factors of v?
7, 11, 241
Suppose c + 5*p = 766, p - 2489 = -3*c - 163. Let f = 1346 - c. What are the prime factors of f?
2, 3, 5, 19
Let j(x) = 4 + 6 + 3 - 4 + 11*x. Let b be j(-1). What are the prime factors of (-21 - -20)*-2*(-53)/b?
53
Let x(s) = -s**3 + 10*s**2 + 28*s - 49. Let y be x(12). Suppose -5*w + w + 18040 = 0. List the prime factors of (w/(-88))/((-1)/(3 - y)).
5, 41
Suppose -2*y = -0*y - 2*b - 5438, -5*y + 4*b + 13593 = 0. List the prime factors of y.
11, 13, 19
Suppose 5865 = 5*s - 0*s. Suppose -5205 + s = -14*p. List the prime factors of p.
2, 3
Let a be -34*(-3)/(-12)*-2. Let b be 8/68 - (-20656)/136. Suppose -18*r = -a*r - b. List the prime factors of r.
2, 19
Let u(n) = 286*n**2 + 38*n + 27. What are the prime factors of u(-3)?
3, 829
Let m(p) = 8*p**2 - 6*p - 6. Let x = 61 - 33. Suppose 2*y - 16 = 2*t, -4*y + x = -5*t - 2*y. What are the prime factors of m(t)?
2, 73
Let j(l) = 98*l**2 + 15*l + 32. Let n be j(-3). Suppose -5*t - 12*u = -16*u - 4346, t - u = n. List the prime factors of t.
2, 3, 5, 29
Let y(g) = -g**2 + 151*g + 44. What are the prime factors of y(20)?
2, 3, 37
Let a = 2886 + 2986. What are the prime factors of a?
2, 367
Let q(m) = 10 - 3 + 14*m + 21 + 4*m**2. List the prime factors of q(-11).
2, 179
What are the prime factors of 623014/77 - (-4)/(-44)?
3, 29, 31
Suppose -2*k + 14363 = o - 12421, o - 5*k = 26784. What are the prime factors of o?
2, 3, 31
Suppose -t + 4*p - 11 = -14, 0 = -5*p. Suppose -5*n = -y - 1812, -t*n + 1289 = 3*y + 209. List the prime factors of n.
2, 181
Let a(v) = -v**3 - 7*v**2 - 12*v - 12. Let j be a(-6). Suppose j*z = 9238 + 7730. What are the prime factors of z?
7, 101
What are the prime factors of (-3063024)/(-1869)*(2/1 + 40)?
2, 3, 239
Let c = -32 - -42. Let q be c/(10/3) - (-26)/2. Suppose 19 = l + 5*z, 2*z = -2*l + 30 + q. List the prime factors of l.
2, 3
Suppose 7*p + 4 = -3*l + 2*p, 15 = -3*p. Suppose 0*f = l*f - 917. What are the prime factors of f?
131
Let v = -3980 - -4793. List the prime factors of v.
3, 271
Let b(x) = x**3 - 3*x**2 - 261*x + 13794. What are the prime factors of b(0)?
2, 3, 11, 19
Let o be (-7)/(-6) - 190/(-12). Let i(r) be the first derivative of r**4/4 - 19*r**3/3 + 19*r**2 + 3*r - 2. List the prime factors of i(o).
71
Let y(v) = -148*v + 20. Let b be y(-3). Let p = b + 29. List the prime factors of p.
17, 29
Let z be -5 + ((-5)/(-5) - 2498). Let t be z/(-10) + 0 - (-3)/(-15). What are the prime factors of 21/63*(-1 + t)?
83
Suppose -5*l + 105 = -0*l. Suppose 5*a - 5 = 30, -4 = 5*y - 2*a. Suppose -w - l = -2*b, -4*w - y = b - 17. What are the prime factors of b?
11
List the prime factors of (((-45)/(-30))/3)/((-10809)/10810 - -1).
5, 23, 47
Let w = 26 + 254. Suppose 0 = -5*h + 9*h - w. Suppose 5*y = 2*j + j - 61, -4*y = 2*j - h. List the prime factors of j.
3
Let l = 130085 + -69880. List the prime factors of l.
5, 12041
Suppose -5*l + 16980 = 2*x, -4*l + 13566 = 10*x - 12*x. List the prime factors of l.
2, 1697
Let r be (1509/(-9) + (-2)/(-3))/(-1). Let n(o) = 11*o**3 + 2*o**2 - 6*o - 7. Let l be n(3). Let q = l - r. What are the prime factors of q?
3, 41
Suppose -1 = 3*f + 4*p, -2*p + 0*p + 1 = f. List the prime factors of ((-9965)/15 + -5)/(2/f).
2, 251
Suppose -6*o - 2*m = -125828, -5*o + 136252 = -m + 31414. What are the prime factors of o?
13, 1613
Let i = 3319 + 2532. What are the prime factors of i?
5851
Let y(z) = 21*z - 189. Let g(q) = 4. Let j(p) = 4*g(p) - y(p). List the prime factors of j(8).
37
Suppose -16*h - 1668 = -14*h. Let y = -340 - h. Suppose 5*p + 4*j - 627 = 5*j, y = 4*p + 3*j. What are the prime factors of p?
5
Let m(j) = 2*j**2 + 3*j + 41. Let p(l) = 5*l + 75. Let n be p(-19). What are the prime factors of m(n)?
11, 71
Suppose 3*i = 12, -2*j - 3*i + 2 = -24. Let x be (-14)/(-126) + (-8313)/(-27). Suppose j*c - 301 = x. What are the prime factors of c?
3, 29
Let y(q) = q**3 + 8*q**2 - 12*q - 21. Let z be y(-9). What are the prime factors of 4/z - 3872/(-24)?
2, 3
Suppose 3*z - 2*k - 4 = 4*z, 5*k = -4*z - 1. What are the prime factors of 535 + (6 + -5 - z)?
2, 5, 53
Suppose 189*m - m = -35*m + 5190994. What are the prime factors of m?
2, 103, 113
Let t(p) = -3*p**2 - 17*p + 3. Let j be t(-6). Let c be (-56)/(-6) + j/9. What are the prime factors of (-5)/(-15)*c + 44?
47
Let r be -1 - (14/35)/((-2)/20). Let h be 11/(55/(-30)) + r. List the prime factors of 44 - (2 + 6/h).
2, 11
Let f(n) = n**3 + 91*n**2 - 362*n + 680. What are the prime factors of f(-83)?
2, 167, 257
Suppose p = -5*f + 142012, 0 = 324*f - 331*f - 5*p + 198842. What are the prime factors of f?
3, 9467
List the prime factors of (-33)/(-5) + -6 + 15367/5.
2, 29, 53
Let t = -17687 + 74558. List the prime factors of t.
3, 71, 89
Let l be (-32)/(-24)*(-3)/(-2). Let n(a) = 3*a - 2. Let i be n(l). List the prime factors of 2/((-16)/(-114))*i.
3, 19
Suppose -3*d - 2138 = -y, -3*y + 4*d = -2785 - 3644. List the prime factors of y.
19, 113
Let g = -16 + 401. Let o be 8/14*g/22. Suppose o*x = 7*x + 327. What are the prime factors of x?
109
Suppose 6151 = -2*v + 58899. List the prime factors of v.
2, 13187
Let f(p) = 86*p**3 + 50*p**2 - 22*p - 105. Let t(o) = 17*o**3 + 10*o**2 - 4*o - 21. Let w(d) = 2*f(d) - 11*t(d). List the prime factors of w(-4).
821
Suppose 76434 - 32921 = 11*s - 65255. What are the prime factors of s?
2, 3, 103
Suppose -222*i = -2*a - 227*i + 44307, -i = a - 22161. List the prime factors of a.
2, 11083
Suppose -16*k + 113919 + 148354 - 76945 = 0. What are the prime factors of k?
3, 11, 13
Suppose 1129*d = 1153*d - 64008. List the prime factors of d.
3, 7, 127
Let u = 14097 + -9348. Let p = u + -2840. What are the prime factors of p?
23, 83
Let g(c) = -32*c - 4*c**2 + 8 + 19 + 3*c**2 + 4. Let m be g(-27). Let s = m - 64. List the prime factors of s.
2, 3, 17
Suppose 0*n + 4*n = 6*n. Suppose n*r + 401 = s - r, s - 2*r = 400. List the prime factors of s.
2, 3, 67
Let o(r) = 3*r**3 - 11*r**2 + 12*r + 1. Let c be 18*(-44)/(-16)*2. Let z = c + -94. What are the prime factors of o(z)?
7, 23
Let l(u) = u**3 + 10*u**2 + 3*u + 13. Let k be l(-7). Let c = k + -55. Suppose x = a + 2*a + c, 5*x = -a + 340. What are the prime factors of x?
3, 23
Suppose -4*s + 64 = -4*b, -6*s - 27 = 2*b - 3*s. Let i be (-2)/(b/(-140) + (-3)/12). Let d(q) = 7*q - 36. List the prime factors of d(i).
2, 31
Suppose -4*z - 5 = -21. Suppose -k + 23 = 2*c, c + 2*c = -z*k + 107. Suppose -x = 4 - k. What are the prime factors of x?
5
Let j(n) = -621*n**2 - 27*n + 59. Let x be j(2). Let f = -1204 - x. What are the prime factors of f?
3, 5, 17
Suppose -3*w = 30 + 6. Let o = w - -68. Let h = o + -35. List the prime factors of h.
3, 7
Let b(h) = 3*h**3 + h**2. Let o be b(1). Suppose -234*d = -212*d - 22. Suppose u = -3*i + 616, 15 = o*u - d. List the prime factors of i.
2, 3, 17
Let g(c) = -17*c + 137. Let x be g(7). Suppose 28*f - 2014